c(-6).
8
Let t(x) = 11*x + 13. Calculate t(-2).
-9
Let j(c) = 26*c**3 + c - 1. Calculate j(1).
26
Let q(l) = -62*l**2 - 4*l + 4. What is q(1)?
-62
Let r(n) = -n**3 + 97*n + 35. Give r(10).
5
Let m(d) = d**3 - 3*d**2 - 12*d + 34. Give m(3).
-2
Let c(o) = 4*o**2 + 13*o - 3. Determine c(-4).
9
Let q(k) = 12*k + 2. Determine q(1).
14
Let k(j) = 3*j + 52. Give k(-19).
-5
Let l(p) = -11*p - 2. Give l(-1).
9
Let y(m) = -m**2 - 8*m + 2. Calculate y(-11).
-31
Let p(a) = a**2 - 9. Determine p(-4).
7
Let c(g) = 6*g + 15. Give c(-12).
-57
Let m(o) = -o**3 - 9*o**2 + 9*o - 2. Give m(-10).
8
Let g(x) = -x**2 + 35*x - 121. Give g(4).
3
Let p(t) = 2*t - 3. Give p(-2).
-7
Let d(v) = -v**2 - 28*v + 15. What is d(-28)?
15
Let a(q) = 3*q**2 - 5*q - 16. Determine a(-2).
6
Let k(b) = 3*b + 4. Calculate k(-1).
1
Let i(a) = -2*a + 36. Give i(18).
0
Let h(u) = -u**2 + 15. What is h(0)?
15
Let t(q) = -2*q - 1. What is t(3)?
-7
Let a(z) = -z - 20. Determine a(-10).
-10
Let c(y) = y**3 + 14*y**2 + 16*y + 37. What is c(-13)?
-2
Let j(t) = -t**2 - 3*t + 29. Give j(-9).
-25
Let a(q) = -2*q - 68. Give a(0).
-68
Let c(a) = -6*a**3 - a - 3. Calculate c(-2).
47
Let m(i) = i**3 - 5*i**2 - 2*i - 2. What is m(3)?
-26
Let l(d) = -2*d - 5. What is l(4)?
-13
Let n(a) = 4*a + 7. Determine n(-3).
-5
Let k(q) = 2*q**2 + 12*q + 5. Calculate k(0).
5
Let t(q) = -11*q + 32. Give t(14).
-122
Let q(w) = -w**2 + 8*w + 1. Give q(-1).
-8
Let j(u) = u**2 - 6*u + 4. What is j(6)?
4
Let a(c) = c**2 - 6*c - 10. Give a(8).
6
Let k(f) = -9*f**2 + 2*f + 3. Determine k(3).
-72
Let q(f) = -f**2 + 20*f + 1. Give q(7).
92
Let v(n) = -n**3 - 12*n**2 + 15*n + 19. Determine v(-13).
-7
Let s(g) = 2*g**3 - 4*g**2 - 3. What is s(3)?
15
Let o(y) = y - 4. Calculate o(-5).
-9
Let h(t) = 2*t**2 - 4*t. Give h(4).
16
Let y(r) = -r**3 - 12*r**2 - 8*r + 37. Give y(-11).
4
Let i(h) = h**2 + 8*h + 7. Determine i(-9).
16
Let j(s) = s**3 + 9*s**2 + 22*s. Determine j(-5).
-10
Let f(l) = -l**2 + 16*l - 1. Give f(11).
54
Let y(f) = -f**2 - 6*f + 1. Determine y(-4).
9
Let x(u) = u**3 - 25*u**2 - 82*u - 51. Determine x(28).
5
Let n(p) = 3*p**2 + 40*p + 41. What is n(-1)?
4
Let f(z) = 6*z + 7. What is f(10)?
67
Let a(s) = s**3 - 11*s**2 - 12*s - 12. Give a(12).
-12
Let u(t) = -7*t**2 + 2*t - 2. Calculate u(1).
-7
Let f(a) = 4*a**3 - 23*a**2 + 12*a + 11. Calculate f(5).
-4
Let y(z) = -z**2 + 23*z + 46. Give y(25).
-4
Let x(u) = -6*u - 14. Calculate x(-4).
10
Let l(u) = -23*u - 194. What is l(-8)?
-10
Let w(p) = -p - 8. Give w(6).
-14
Let j(w) = -2*w**2 + 7*w + 38. Give j(-3).
-1
Let c(a) = -2*a - 42. Calculate c(-23).
4
Let i(a) = -13*a + 125. Determine i(10).
-5
Let s(w) = 3*w**3 - 10*w**2 - 10*w + 11. Calculate s(4).
3
Let m(u) = -2*u - 20. Give m(-15).
10
Let i(r) = r + 23. Determine i(-13).
10
Let u(n) = n**2 + n + 2. Calculate u(-1).
2
Let f(o) = -5*o + 1. Calculate f(2).
-9
Let m(b) = b**2 + 5*b + 9. Give m(-3).
3
Let u(b) = b**2 + 7*b + 5. Determine u(-6).
-1
Let f(n) = -8*n - 45. What is f(-5)?
-5
Let r(f) = f + 2. What is r(-6)?
-4
Let p(g) = g**3 + g**2 + g + 8. Give p(0).
8
Let h(v) = -v**3 - 2*v**2 - 3*v - 1. Calculate h(-2).
5
Let q(g) = -8*g**3 + 3*g**2 - 4. Determine q(-2).
72
Let o(w) = -7*w**2 + 3*w - 3. What is o(2)?
-25
Let s(n) = -n**3 - 8*n**2 - 5*n. Give s(-6).
-42
Let s(q) = -q**2 - 37*q - 59. Calculate s(-35).
11
Let h(n) = n**3 - 8*n**2 + 12*n - 1. What is h(6)?
-1
Let r(x) = 2*x**3 - 2*x**2 + 2*x - 7. What is r(-3)?
-85
Let y(t) = 87*t**2 + 2*t. Give y(-1).
85
Let o(c) = -c**2 + 5*c - 8. Give o(6).
-14
Let l(i) = i - 4. What is l(-7)?
-11
Let c(r) = r**2 + 73*r - 392. What is c(5)?
-2
Let m(w) = 2*w**3 - 33*w**2 + 22*w - 89. Calculate m(16).
7
Let d(u) = -9*u + 27. Determine d(3).
0
Let g(o) = o**3 + o**2 - 22*o - 4. Calculate g(-5).
6
Let t(g) = -5*g - 81. Determine t(-16).
-1
Let a(r) = 5*r - 112. What is a(15)?
-37
Let c(l) = l**2 - 12*l + 8. Give c(12).
8
Let r(t) = -t**2 + 6*t - 1. Give r(7).
-8
Let s(u) = u**3 + 9*u**2 - 9*u - 2. Determine s(-10).
-12
Let c(b) = b**3 - 7*b**2 - 18*b + 7. Give c(9).
7
Let d(g) = g**2 - 3*g. Give d(-2).
10
Let h(g) = -g**2 + g + 10. Give h(0).
10
Let p(v) = -12*v - 19. What is p(-1)?
-7
Let i(x) = -7*x - 155. What is i(-23)?
6
Let p(h) = 3*h**2 - 8*h + 10. Calculate p(3).
13
Let g(y) = y**2 - y - 8. Calculate g(-7).
48
Let o(l) = -l**2 - 9*l + 2. Calculate o(-9).
2
Let h(k) = -k**2 - 16*k + 1. Give h(-16).
1
Let b(o) = -o**2 - 16*o + 36. Determine b(-18).
0
Let w(q) = 11*q - 1. Give w(2).
21
Let u(n) = n**2 + 7*n - 8. Determine u(-7).
-8
Let q(w) = w**2 + 3*w + 2. Calculate q(-2).
0
Let p(m) = 2*m**2 - 17*m + 20. Calculate p(11).
75
Let b(v) = -v**2 - 38*v - 217. Give b(-7).
0
Let r(u) = -27*u + 510. What is r(19)?
-3
Let m(v) = -v**2 + 4*v + 19. What is m(8)?
-13
Let y(l) = -l + 29. Determine y(-11).
40
Let m(i) = -i**3 + 37*i**2 - 32*i - 145. Calculate m(36).
-1
Let n(d) = -d**3 + 2*d**2 + 2*d - 2. Calculate n(3).
-5
Let x(p) = p**3 - 2*p**2 - 7*p + 2. Determine x(4).
6
Let r(z) = z - 12. Calculate r(-5).
-17
Let c(q) = -2*q**3 - 34*q**2 + 5*q + 85. What is c(-17)?
0
Let t(w) = -w**3 - 7*w**2 - 5*w + 4. Determine t(-4).
-24
Let v(d) = 30*d + 22. Determine v(-2).
-38
Let i(f) = f**2 - 8*f + 16. Determine i(7).
9
Let g(w) = -3*w**2 + 5*w + 6. Give g(-3).
-36
Let g(w) = -w + 51. Give g(5).
46
Let r(o) = o**2 + 15*o + 8. Determine r(-5).
-42
Let w(b) = b + 13. Determine w(-8).
5
Let y(k) = -k**3 + 11*k**2 - k + 16. Give y(10).
106
Let z(h) = 4*h + 16. Determine z(-2).
8
Let h(u) = u**2 + 14*u + 14. What is h(-12)?
-10
Let h(o) = 38*o - 3. What is h(2)?
73
Let p(a) = a**3 - 2*a**2 - a + 1. Calculate p(-1).
-1
Let t(b) = -2*b**3 + 4*b**2 - 5*b + 2. Determine t(2).
-8
Let b(o) = o**2 - 7*o + 4. What is b(6)?
-2
Let t(y) = -y**3 - 18*y**2 + 19*y. Give t(-19).
0
Let b(g) = 57*g + 109. Calculate b(-2).
-5
Let a(q) = 4*q**2 + 5*q + 16. Give a(6).
190
Let x(m) = 2*m + 6. Determine x(7).
20
Let r(s) = -s**2 - 7*s - 5. Calculate r(-6).
1
Let v(m) = 4*m + 67. What is v(-10)?
27
Let i(g) = -g**3 - g**2 + 2*g + 4. Determine i(-2).
4
Let a(i) = 8*i - 558. Determine a(70).
2
Let v(r) = -r**2 + 37. Determine v(6).
1
Let q(s) = -s**3 - 9*s**2 + 4*s + 2. Give q(-9).
-34
Let c(p) = 10*p + 217. Determine c(-23).
-13
Let u(f) = -7*f + 4. Determine u(-3).
25
Let v(y) = 4*y**2 + 33*y + 12. Give v(-11).
133
Let s(m) = 63*m + 434. What is s(-7)?
-7
Let d(m) = -m**3 + 10*m**2 + 4*m - 7. What is d(11)?
-84
Let q(x) = -7*x**2 - 1. Calculate q(-1).
-8
Let m(t) = t**2 - 17*t + 34. Determine m(5).
-26
Let j(u) = -u**3 + 5*u**2 + 3*u - 1. Give j(5).
14
Let l(u) = u**2 - 11*u + 14. Give l(10).
4
Let a(j) = -j**2 + 9*j + 6. Give a(7).
20
Let u(p) = -p**2 - 11*p + 31. Calculate u(-14).
-11
Let d(z) = 16*z**3 + 3*z**2 + 5*z + 3. Determine d(-1).
-15
Let i(v) = 2*v**2 + v + 2. Calculate i(-3).
17
Let z(r) = -r**3 + 9*r**2 - 24*r + 140. Calculate z(8).
12
Let i(s) = -14*s - 121. What is i(-9)?
5
Let m(g) = 3*g**2 - 21*g - 7. Give m(7).
-7
Let c(b) = -b - 18. Determine c(-4).
-14
Let w(m) = -5*m**2 + 10*m + 1. Give w(3).
-14
Let s(f) = -2*f**3 - 2*f - 3. Calculate s(3).
-63
Let n(u) = -u**2 + 14*u - 10. Give n(7).
39
Let r(k) = -2*k**3 - 35*k**2 - 19*k - 20. Determine r(-17).
14
Let v(g) = -2*g**2 + 20*g + 26. Give v(11).
4
Let u(y) = y**3 + y**2 + 3*y + 6. What is u(-4)?
-54
Let t(y) = 6*y + 3. Calculate t(-3).
-15
Let g(d) = -d**3 - 4*d**2 - 2*d - 31. Calculate g(-6).
53
Let c(t) = -2*t**2 - 22*t + 8. Determine c(-9).
44
Let z(j) = -3*j + 22. Calculate z(7).
1
Let a(b) = -40*b - 162. What is a(-4)?
-2
Let u(a) = 2*a + 8. Give u(4).
16
Let r(s) = -s**3 - 2*s**2 + 1. Calculate r(1).
-2
Let y(x) = 10*x - 1. Give y(-3).
-31
Let k(l) = 25*l + 1. Calculate k(1).
26
Let y(c) = -c**2 + 8*c + 17. Determine y(7).
24
Let p(v) = 27*v**2 + 4*v - 3. Calculate p(2).
113
Let a(m) = -m**2 - 4*m - 7. Determine a(-5).
-12
Let z(h) = h**2 - 9*h - 142. What is z(17)?
-6
Let m(k) = -k**2 + 11*k + 55. Give m(18).
-71
Let u(z) = -15*z**2 - 2*z + 3. What is u(1)?
-14
Let t(s) = -s**2 - 10*s. What is t(-10)?
0
Let l(k) = k**3 - 9*k**2 + 19*k - 6. Give l(9).
165
Let g(i) = -18*i**2 + 3*i - 4. Calculate g(1).
-19
Let w(x) = -x + 24. Determine w(17).
7
Let n(r) = -r**2 - 12*r + 190. Give n(9).
1
Let r(v) = v**2 + 4*v. Calculate r